 7571518 a multiple of 554?
True
Is 18 a factor of 93601?
False
Is 68 a factor of 576300?
True
Does 16 divide 125024?
True
Does 2 divide 2628312?
True
Is 1049 a factor of 3625428?
False
Is 26 a factor of 18363280?
True
Is 2374 a factor of 20850842?
True
Is 15 a factor of 352275?
True
Does 236 divide 1724216?
True
Is 20 a factor of 20494927?
False
Is 46643 a multiple of 8?
False
Does 154 divide 7901374?
False
Is 1978 a factor of 3667517?
False
Does 80 divide 2880?
True
Is 158016 a multiple of 50?
False
Is 1728990 a multiple of 94?
False
Does 16 divide 794849?
False
Does 192 divide 56448?
True
Does 19 divide 445309?
False
Does 200 divide 133623?
False
Is 5 a factor of 2515400?
True
Is 1888700 a multiple of 170?
True
Is 214740 a multiple of 5?
True
Is 7 a factor of 402517?
False
Is 124 a factor of 2059516?
True
Is 1010084 a multiple of 29?
False
Is 280317 a multiple of 413?
False
Does 13 divide 502293?
False
Is 136971 a multiple of 81?
True
Is 2639417 a multiple of 19?
False
Does 83 divide 147376?
False
Is 324722 a multiple of 38?
False
Does 28 divide 841148?
True
Is 88324 a multiple of 20?
False
Is 81 a factor of 58755?
False
Does 31 divide 2963414?
True
Is 653384 a multiple of 23?
True
Does 617 divide 10199526?
False
Is 9399975 a multiple of 325?
True
Is 77 a factor of 2901172?
False
Is 3 a factor of 2106948?
True
Does 7 divide 3925761?
True
Is 504 a factor of 866868?
False
Is 112 a factor of 10838464?
True
Does 121 divide 9904092?
True
Does 49 divide 776846?
True
Is 134041 a multiple of 15?
False
Does 21 divide 413028?
True
Is 33654 a multiple of 6?
True
Does 5 divide 53380?
True
Is 35 a factor of 301770?
True
Is 2202731 a multiple of 199?
True
Does 1593 divide 25362153?
True
Does 59 divide 1332043?
True
Does 32 divide 141838?
False
Is 546 a factor of 10810800?
True
Does 86 divide 5856365?
False
Does 172 divide 19980200?
False
Is 46 a factor of 1598076?
False
Is 316 a factor of 1663740?
True
Is 25 a factor of 131025?
True
Is 1731 a factor of 6858222?
True
Is 46 a factor of 10522546?
True
Does 845 divide 146185?
True
Does 57 divide 115706?
False
Is 145 a factor of 16385?
True
Is 22 a factor of 278955?
False
Is 27 a factor of 33249?
False
Does 1102 divide 8105399?
False
Does 52 divide 11396320?
True
Does 7 divide 86?
False
Is 10 a factor of 1416827?
False
Is 1072368 a multiple of 5?
False
Is 1972 a multiple of 34?
True
Is 100 a factor of 45100?
True
Is 74 a factor of 5939190?
False
Is 69654 a multiple of 78?
True
Does 132 divide 496848?
True
Is 147664 a multiple of 22?
True
Is 10 a factor of 932049?
False
Does 55 divide 2643?
False
Does 15 divide 201788?
False
Is 3600240 a multiple of 16?
True
Does 5 divide 55435?
True
Is 2138070 a multiple of 132?
False
Does 17 divide 160678?
False
Does 5 divide 1465250?
True
Is 6645170 a multiple of 92?
False
Is 6167 a multiple of 7?
True
Is 689596 a multiple of 19?
False
Is 458 a factor of 176570?
False
Is 37 a factor of 464207?
False
Is 4668438 a multiple of 128?
False
Is 132891 a multiple of 3?
True
Is 10728250 a multiple of 50?
True
Is 1019417 a multiple of 1063?
True
Does 9 divide 2590?
False
Is 14617446 a multiple of 762?
True
Does 37 divide 2289211?
False
Does 80 divide 74776?
False
Is 90456 a multiple of 34?
False
Does 13 divide 526643?
True
Is 11693 a multiple of 23?
False
Is 274 a factor of 121641?
False
Is 371777 a multiple of 9?
False
Is 577057 a multiple of 13?
True
Is 3 a factor of 557247?
True
Is 5 a factor of 4971395?
True
Is 14 a factor of 1483756?
False
Does 93 divide 36559?
False
Does 639 divide 632545?
False
Is 123 a factor of 4085404?
False
Is 225 a factor of 143550?
True
Is 1132920 a multiple of 31?
False
Is 809380 a multiple of 1132?
True
Is 6931251 a multiple of 16?
False
Does 7 divide 309044?
False
Is 52777 a multiple of 54?
False
Does 15 divide 8405932?
False
Is 59 a factor of 277430?
False
Is 2 a factor of 48258?
True
Is 1744 a factor of 1507769?
False
Is 274399 a multiple of 331?
True
Is 65286 a multiple of 38?
False
Is 209684 a multiple of 12?
False
Is 5 a factor of 259440?
True
Does 186 divide 1179798?
True
Is 6 a factor of 922931?
False
Is 318 a factor of 258786?
False
Is 21 a factor of 962073?
True
Is 30 a factor of 779762?
False
Is 1386 a factor of 35194698?
True
Is 21777378 a multiple of 21?
True
Is 1574492 a multiple of 30?
False
Does 78 divide 124727?
False
Does 40 divide 8430200?
True
Is 52549 a multiple of 154?
False
Is 7 a factor of 374160?
False
Is 801 a factor of 14527737?
True
Is 11641311 a multiple of 67?
False
Is 24 a factor of 61296?
True
Is 251538 a multiple of 376?
False
Is 593234 a multiple of 315?
False
Is 1479060 a multiple of 312?
False
Is 252 a factor of 2848943?
False
Does 416 divide 106080?
True
Does 50 divide 550?
True
Does 185 divide 228676?
False
Does 35 divide 250740?
True
Is 39 a factor of 47424?
True
Is 167 a factor of 33901?
True
Is 211077 a multiple of 141?
True
Is 1852161 a multiple of 50?
False
Is 14 a factor of 6806638?
False
Does 15 divide 176940?
True
Is 162 a factor of 62208?
True
Does 125 divide 48822?
False
Is 32 a factor of 179304?
False
Is 124 a factor of 607476?
True
Is 51 a factor of 245350?
False
Is 348823 a multiple of 71?
True
Is 127 a factor of 1609886?
False
Does 8 divide 1226280?
True
Is 834481 a multiple of 8?
False
Is 122780 a multiple of 14?
True
Does 5 divide 7765666?
False
Does 10 divide 1477820?
True
Is 1801950 a multiple of 1761?
False
Does 140 divide 551180?
True
Does 11 divide 275031?
False
Does 227 divide 651891?
False
Does 609 divide 3425625?
True
Is 1891659 a multiple of 77?
True
Is 1181 a factor of 21480626?
False
Does 12 divide 5632168?
False
Does 318 divide 158682?
True
Is 497725 a multiple of 215?
True
Is 4180828 a multiple of 405?
False
Is 4395870 a multiple of 19?
False
Is 1116 a multiple of 34?
False
Is 4851328 a multiple of 23?
False
Is 167 a factor of 87507?
False
Is 19072281 a multiple of 1167?
True
Is 277 a factor of 985296?
False
Is 15 a factor of 234211?
False
Is 26842 a multiple of 171?
False
Does 5 divide 123415?
True
Is 54747 a multiple of 63?
True
Is 67275 a multiple of 25?
True
Does 3 divide 541505?
False
Is 5 a factor of 86923?
False
Does 53 divide 99216?
True
Is 419 a factor of 1491563?
False
Does 66 divide 294260?
False
Does 172 divide 2608125?
False
Does 23 divide 9580969?
False
Is 552000 a multiple of 15?
True
Is 1923516 a multiple of 42?
True
Does 463 divide 607919?
True
Is 7 a factor of 2072154?
True
Is 35 a factor of 419650?
True
Is 16274906 a multiple of 44?
False
Is 48 a factor of 679728?
True
Is 68112 a multiple of 473?
True
Does 7 divide 954436?
True
Is 176 a factor of 7777478?
False
Is 475740 a multiple of 14?
False
Is 399 a factor of 138453?
True
Is 8 a factor of 497547?
False
Is 446 a factor of 370626?
True
Does 2 divide 221406?
True
Is 35 a factor of 1534719?
False
Does 3 divide 38768?
False
Is 24562 a multiple of 11?
False
Is 41 a factor of 188600?
True
Does 65 divide 224575?
True
Is 71 a factor of 1578898?
True
Is 143923 a multiple of 100?
False
Does 36 divide 48181?
False
Does 332 divide 1076012?
True
Is 45 a factor of 385875?
True
Does 252 divide 454104?
True
Is 14 a factor of 402010?
True
Is 2443861 a multiple of 7?
True
Is 52490 a multiple of 6?
False
Is 1422 a factor of 15003580?
False
Is 218 a factor of 8481944?
True
Is 398 a factor of 76469?
False
Is 828 a factor of 9522680?
False
Is 32 a factor of 797472?
True
Is 596 a factor of 4857892?
False
Is 7 a factor of 9074?
False
Is 432 a factor of 287216?
False
Is 8351719 a multiple of 981?
False
Does 16 divide 4703035?
False
Is 8 a factor of 153408?
True
Does 21 divide 194439?
True
Is 338 a factor of 1443835?
False
Does 6 divide 713660?
False
Is 392250 a multiple of 10?
True
Does 19 divide 5678114?
False
Is 586 a factor of 300618?
True
Is 51504 a multiple of 74?
True
Does 19 divide 3331156?
True
Is 18858 a multiple of 2?
True
Is 36 a factor of 1926108?
True
Is 257291 a multiple of 51?
False
Is 24588 a multiple of 71?
False
Does 4 divide 4710716?
True
Is 3 a factor of 1975401?
True
Does 364 divide 67336?
False
Is 2 a factor of 588350?
True
Is 25 a factor of 122800?
True
Is 119 a factor of 79390?
False
Is 944047 a multiple of 20?
False
Does 60 divide 46860?
True
Does 4 divide 157756?
True
Is 11028364 a multiple of 13?
False
Is 65